factor of 16317 and 85803?
111
Calculate the highest common divisor of 3930 and 330644.
262
Calculate the greatest common factor of 85 and 137717.
17
Calculate the greatest common factor of 3550 and 216266.
142
Calculate the greatest common factor of 190827 and 52.
13
Calculate the highest common factor of 52 and 506.
2
Calculate the highest common factor of 1625 and 7215.
65
What is the greatest common divisor of 12501 and 561156?
1389
What is the greatest common divisor of 19 and 157643?
19
What is the greatest common divisor of 29869 and 11546?
251
What is the greatest common divisor of 180 and 126740?
20
What is the highest common factor of 2190 and 8833?
73
What is the highest common factor of 37 and 280941?
37
Calculate the highest common factor of 726 and 16368.
66
Calculate the greatest common factor of 8745 and 5280.
165
Calculate the highest common factor of 510790 and 910.
70
What is the greatest common divisor of 1265 and 1320?
55
What is the highest common divisor of 81975 and 1950?
75
What is the greatest common divisor of 20774 and 1144?
26
Calculate the greatest common divisor of 197526 and 210.
42
What is the highest common divisor of 163492 and 84?
28
What is the highest common factor of 14707 and 1639?
11
Calculate the greatest common divisor of 68 and 6756.
4
What is the greatest common divisor of 14943 and 323?
17
What is the greatest common factor of 30 and 215?
5
Calculate the greatest common divisor of 572 and 1636.
4
Calculate the greatest common divisor of 918695 and 430.
215
Calculate the greatest common factor of 934902 and 87.
87
Calculate the highest common divisor of 516 and 27090.
258
What is the greatest common factor of 1362 and 285339?
681
Calculate the highest common factor of 87525 and 2250.
225
Calculate the highest common divisor of 50 and 8550.
50
Calculate the greatest common divisor of 686 and 4252514.
686
Calculate the greatest common divisor of 243133 and 11.
11
What is the highest common factor of 147556 and 222?
74
What is the highest common divisor of 59 and 106141?
59
What is the highest common divisor of 54717 and 117?
39
What is the greatest common factor of 15443922 and 51?
51
What is the greatest common divisor of 1553930 and 281?
281
What is the greatest common divisor of 1083 and 1520?
19
Calculate the greatest common factor of 38 and 60002.
38
What is the greatest common factor of 6232 and 22040?
152
Calculate the greatest common factor of 12696 and 696072.
552
What is the highest common divisor of 2 and 5948?
2
What is the highest common divisor of 525 and 12425?
175
What is the greatest common divisor of 29643 and 984?
123
What is the highest common divisor of 682 and 1868866?
62
Calculate the greatest common factor of 23210 and 290.
10
What is the highest common divisor of 85540 and 1924?
52
Calculate the greatest common factor of 3468 and 1944.
12
Calculate the highest common factor of 2890 and 14314.
34
Calculate the highest common divisor of 3552335 and 613.
613
Calculate the greatest common factor of 723906 and 2456.
614
What is the greatest common factor of 148789 and 1337?
191
Calculate the greatest common factor of 26 and 834457.
13
Calculate the highest common divisor of 7660 and 20.
20
What is the highest common factor of 1394511 and 426?
213
Calculate the greatest common factor of 6254 and 4.
2
What is the greatest common factor of 125521 and 1837?
11
Calculate the greatest common factor of 144 and 12924.
36
What is the greatest common factor of 3497 and 8918?
13
What is the greatest common divisor of 12525 and 10521?
501
Calculate the greatest common factor of 672 and 1358.
14
Calculate the highest common factor of 72 and 8264.
8
Calculate the highest common factor of 22 and 2622059.
11
What is the highest common factor of 420 and 851676?
84
Calculate the highest common factor of 12090 and 26130.
390
What is the greatest common factor of 139865 and 770?
55
What is the greatest common divisor of 52600 and 1800?
200
Calculate the highest common factor of 189211 and 1169.
167
Calculate the highest common divisor of 6499 and 1943.
67
What is the highest common divisor of 1502942 and 42?
14
What is the greatest common factor of 180 and 49860?
180
What is the greatest common divisor of 11664 and 64881?
729
What is the highest common factor of 45379 and 1127?
23
Calculate the greatest common divisor of 129262 and 147.
49
What is the greatest common divisor of 5336 and 1472?
184
Calculate the greatest common divisor of 2723 and 161.
7
Calculate the highest common factor of 49218 and 234.
78
What is the greatest common divisor of 265 and 56065?
5
What is the highest common factor of 13698 and 792?
18
Calculate the greatest common factor of 1065280 and 20.
20
What is the greatest common factor of 1139697 and 15912?
1989
Calculate the greatest common divisor of 3106457 and 202.
101
What is the greatest common divisor of 88313 and 188?
47
Calculate the highest common factor of 597 and 46367.
199
Calculate the highest common divisor of 1559766 and 234.
78
What is the highest common divisor of 16275 and 600?
75
Calculate the highest common divisor of 23892 and 1848.
132
Calculate the highest common factor of 8376 and 39408.
24
Calculate the highest common divisor of 1112 and 1054871.
139
Calculate the greatest common divisor of 50930 and 110.
110
Calculate the greatest common divisor of 24284 and 32.
4
What is the highest common divisor of 85 and 227426?
17
What is the greatest common divisor of 13851 and 304?
19
What is the highest common factor of 150835 and 776?
97
What is the greatest common factor of 1348 and 3028?
4
What is the highest common factor of 19071 and 14157?
117
What is the highest common factor of 46 and 1811043?
23
Calculate the highest common divisor of 80710 and 210.
70
Calculate the greatest common factor of 5 and 546755.
5
Calculate the greatest common factor of 527 and 2666.
31
Calculate the highest common factor of 2183 and 11918.
59
What is the greatest common factor of 27588 and 8322?
114
Calculate the greatest common divisor of 1596 and 24864.
84
What is the highest common factor of 2853181 and 37?
37
What is the highest common divisor of 21976 and 36984?
536
What is the greatest common factor of 2313 and 180?
9
What is the highest common factor of 3536 and 6032?
208
What is the greatest common factor of 164 and 328?
164
What is the greatest common divisor of 62415 and 513?
171
What is the greatest common factor of 274390 and 92?
46
What is the greatest common divisor of 4338 and 31330?
482
What is the greatest common divisor of 2134005 and 113?
113
Calculate the highest common divisor of 132 and 822492.
132
Calculate the highest common factor of 528 and 1782.
66
Calculate the highest common divisor of 45536 and 6656.
32
Calculate the highest common factor of 113395 and 5.
5
Calculate the highest common divisor of 270 and 301374.
54
What is the highest common divisor of 3274 and 2525891?
1637
Calculate the greatest common divisor of 476 and 12404.
28
What is the highest common divisor of 11 and 1363703?
11
What is the greatest common divisor of 3924 and 348?
12
What is the greatest common divisor of 112345 and 145?
5
Calculate the greatest common divisor of 1155 and 288981.
231
Calculate the greatest common divisor of 240 and 4882740.
60
Calculate the highest common factor of 120610 and 8750.
70
Calculate the greatest common factor of 4560 and 40.
40
What is the greatest common divisor of 807 and 3346629?
807
What is the greatest common factor of 17666 and 176?
22
What is the greatest common factor of 74582 and 712?
178
What is the highest common divisor of 419681 and 46?
23
What is the greatest common factor of 113216 and 406?
58
What is the greatest common factor of 8712372 and 1076?
1076
Calculate the highest common divisor of 20355 and 109365.
345
Calculate the greatest common factor of 593281 and 705.
47
What is the greatest common divisor of 7961 and 2?
1
Calculate the greatest common factor of 52 and 128102.
26
Calculate the greatest common divisor of 22 and 12782.
22
What is the highest common factor of 3580 and 1300?
20
What is the highest common divisor of 312276 and 636?
636
Calculate the greatest common divisor of 47603 and 216449.
263
What is t